{"id":2,"date":"2022-11-05T11:06:29","date_gmt":"2022-11-05T10:06:29","guid":{"rendered":"http:\/\/florenthodel.com\/?page_id=2"},"modified":"2025-08-20T16:18:17","modified_gmt":"2025-08-20T14:18:17","slug":"page-d-exemple","status":"publish","type":"page","link":"https:\/\/florenthodel.com\/","title":{"rendered":"A propos"},"content":{"rendered":"\n<div class=\"wp-block-media-text alignwide has-media-on-the-right is-stacked-on-mobile\" style=\"grid-template-columns:auto 41%\"><div class=\"wp-block-media-text__content\">\n<ul class=\"wp-block-list\">\n<li>Boutique PANGRAM toute l&#8217;ann\u00e9e (24 rue Sainte Ursule, 31000 Toulouse)<\/li>\n\n\n\n<li>03 et 04 Mai : March\u00e9 de potiers de Saint Gabriel Br\u00e9cy (14480)<\/li>\n\n\n\n<li>21 et 22 Juin : March\u00e9 de potiers de Martres-Tolosane (31220)<\/li>\n\n\n\n<li>19 et 20 Juillet : March\u00e9 de potiers de Figeac (46100)<\/li>\n\n\n\n<li>9 et 10 Ao\u00fbt : March\u00e9 de potiers de Villandraut (33730)<\/li>\n\n\n\n<li>12 et 13 Ao\u00fbt : March\u00e9 de potiers de Mirepoix (09500)<\/li>\n\n\n\n<li>23 et 24 Ao\u00fbt : March\u00e9 de potiers de Uzech les Oules (46324)<\/li>\n\n\n\n<li>27 et 28 Septembre : Les All\u00e9es C\u00e9ramiques Toulouse (31000)<\/li>\n\n\n\n<li>31 Octobre au 02 Novembre : Salon des arts et du feu de Martres-Tolosane (31220)<\/li>\n\n\n\n<li>15 et 16 Novembre : March\u00e9 de potiers de Villenave d&#8217;Ornon (33140)<\/li>\n\n\n\n<li>27 au 30 Novembre : Salon Fragments #5 (Toulouse, 31000)<\/li>\n<\/ul>\n<\/div><figure class=\"wp-block-media-text__media\"><img loading=\"lazy\" decoding=\"async\" width=\"1024\" height=\"1022\" src=\"https:\/\/florenthodel.com\/wp-content\/uploads\/2024\/03\/cosmos-carte-de-visite-1-1024x1022.png\" alt=\"\" class=\"wp-image-1299 size-full\" srcset=\"https:\/\/florenthodel.com\/wp-content\/uploads\/2024\/03\/cosmos-carte-de-visite-1-1024x1022.png 1024w, https:\/\/florenthodel.com\/wp-content\/uploads\/2024\/03\/cosmos-carte-de-visite-1-300x300.png 300w, https:\/\/florenthodel.com\/wp-content\/uploads\/2024\/03\/cosmos-carte-de-visite-1-150x150.png 150w, https:\/\/florenthodel.com\/wp-content\/uploads\/2024\/03\/cosmos-carte-de-visite-1-768x767.png 768w, https:\/\/florenthodel.com\/wp-content\/uploads\/2024\/03\/cosmos-carte-de-visite-1-1536x1534.png 1536w, https:\/\/florenthodel.com\/wp-content\/uploads\/2024\/03\/cosmos-carte-de-visite-1-2048x2045.png 2048w, https:\/\/florenthodel.com\/wp-content\/uploads\/2024\/03\/cosmos-carte-de-visite-1-1320x1318.png 1320w, https:\/\/florenthodel.com\/wp-content\/uploads\/2024\/03\/cosmos-carte-de-visite-1-324x323.png 324w, https:\/\/florenthodel.com\/wp-content\/uploads\/2024\/03\/cosmos-carte-de-visite-1-416x415.png 416w, https:\/\/florenthodel.com\/wp-content\/uploads\/2024\/03\/cosmos-carte-de-visite-1-100x100.png 100w\" sizes=\"auto, (max-width: 1024px) 100vw, 1024px\" \/><\/figure><\/div>\n\n\n\n<div class=\"wp-block-media-text alignwide is-stacked-on-mobile\" style=\"grid-template-columns:51% auto\"><figure class=\"wp-block-media-text__media\"><img loading=\"lazy\" decoding=\"async\" width=\"1020\" height=\"1000\" src=\"http:\/\/florenthodel.com\/wp-content\/uploads\/2022\/12\/PHOTO-ACCEUIL.jpg\" alt=\"\" class=\"wp-image-345 size-full\" srcset=\"https:\/\/florenthodel.com\/wp-content\/uploads\/2022\/12\/PHOTO-ACCEUIL.jpg 1020w, https:\/\/florenthodel.com\/wp-content\/uploads\/2022\/12\/PHOTO-ACCEUIL-300x294.jpg 300w, https:\/\/florenthodel.com\/wp-content\/uploads\/2022\/12\/PHOTO-ACCEUIL-768x753.jpg 768w, https:\/\/florenthodel.com\/wp-content\/uploads\/2022\/12\/PHOTO-ACCEUIL-324x318.jpg 324w, https:\/\/florenthodel.com\/wp-content\/uploads\/2022\/12\/PHOTO-ACCEUIL-416x408.jpg 416w\" sizes=\"auto, (max-width: 1020px) 100vw, 1020px\" \/><\/figure><div class=\"wp-block-media-text__content\">\n<p>Apr\u00e8s pr\u00e8s de dix ans de carri\u00e8re dans la recherche scientifique en tant que g\u00e9ologue, g\u00e9ochimiste, pal\u00e9oclimatologue, j&#8217;ai ressenti le besoin profond de passer \u00e0 autre chose. Je savais depuis longtemps que je ne ferai pas de la Science toute ma vie. Il y a de nombreuses ann\u00e9es d\u00e9j\u00e0, avant m\u00eame d&#8217;avoir mis les mains dans la terre, je disais \u00e0 mes proches qu&#8217;un jour je serai potier. Aujourd&#8217;hui je suis potier. Hier j&#8217;\u00e9tudiais ce que les argiles oc\u00e9aniques pouvaient nous apprendre sur le climat de la Terre il y a plusieurs millions d&#8217;ann\u00e9es, aujourd&#8217;hui j&#8217;ai les mains dedans. J&#8217;ai troqu\u00e9 mon bureau contre un atelier, mon ordinateur contre un tour et ma blouse contre un tablier. Je resterai toujours g\u00e9ochimiste apr\u00e8s tout, pas pour \u00e9crire des articles mais pour faire de belles couleurs.<\/p>\n<\/div><\/div>\n\n\n\n<p><\/p>\n\n\n\n<div class=\"wp-block-media-text alignwide has-media-on-the-right is-stacked-on-mobile\" style=\"grid-template-columns:auto 47%\"><div class=\"wp-block-media-text__content\">\n<p class=\"has-text-align-right\">Install\u00e9 au pied des Pyr\u00e9n\u00e9es dans le petit village de Plagne (31220), je tourne essentiellement des pi\u00e8ces utilitaires en gr\u00e8s et en porcelaine que je cuis au gaz, en oxydation ou en r\u00e9duction. Fascin\u00e9 par les \u00e9maux, je consacre une grande partie de mon temps \u00e0 \u00e9laborer de nouvelles recettes. Je suis toujours \u00e0 la recherche de nouvelles nuances de couleurs, de nouveaux cristaux et autres merveilleux effets qui naissent de la rencontre entre les min\u00e9raux qui composent l&#8217;\u00e9mail et la flamme du four.<\/p>\n<\/div><figure class=\"wp-block-media-text__media\"><img loading=\"lazy\" decoding=\"async\" width=\"1009\" height=\"1024\" src=\"https:\/\/florenthodel.com\/wp-content\/uploads\/2023\/08\/Kintsugi-1009x1024.jpg\" alt=\"\" class=\"wp-image-717 size-full\" srcset=\"https:\/\/florenthodel.com\/wp-content\/uploads\/2023\/08\/Kintsugi-1009x1024.jpg 1009w, https:\/\/florenthodel.com\/wp-content\/uploads\/2023\/08\/Kintsugi-296x300.jpg 296w, https:\/\/florenthodel.com\/wp-content\/uploads\/2023\/08\/Kintsugi-768x780.jpg 768w, https:\/\/florenthodel.com\/wp-content\/uploads\/2023\/08\/Kintsugi-1513x1536.jpg 1513w, https:\/\/florenthodel.com\/wp-content\/uploads\/2023\/08\/Kintsugi-1320x1340.jpg 1320w, https:\/\/florenthodel.com\/wp-content\/uploads\/2023\/08\/Kintsugi-324x329.jpg 324w, https:\/\/florenthodel.com\/wp-content\/uploads\/2023\/08\/Kintsugi-416x422.jpg 416w, https:\/\/florenthodel.com\/wp-content\/uploads\/2023\/08\/Kintsugi-100x100.jpg 100w, https:\/\/florenthodel.com\/wp-content\/uploads\/2023\/08\/Kintsugi.jpg 1849w\" sizes=\"auto, (max-width: 1009px) 100vw, 1009px\" \/><\/figure><\/div>\n\n\n\n<p><\/p>\n","protected":false},"excerpt":{"rendered":"<p>Apr\u00e8s pr\u00e8s de dix ans de carri\u00e8re dans la recherche scientifique en tant que g\u00e9ologue, g\u00e9ochimiste, pal\u00e9oclimatologue, j&#8217;ai ressenti le besoin profond de passer \u00e0 autre chose. Je savais depuis longtemps que je ne ferai pas de la Science toute ma vie. Il y a de nombreuses ann\u00e9es d\u00e9j\u00e0, avant m\u00eame d&#8217;avoir mis les mains [&hellip;]<\/p>\n","protected":false},"author":1,"featured_media":0,"parent":0,"menu_order":0,"comment_status":"closed","ping_status":"open","template":"","meta":{"footnotes":""},"class_list":["post-2","page","type-page","status-publish","hentry"],"_links":{"self":[{"href":"https:\/\/florenthodel.com\/index.php\/wp-json\/wp\/v2\/pages\/2","targetHints":{"allow":["GET"]}}],"collection":[{"href":"https:\/\/florenthodel.com\/index.php\/wp-json\/wp\/v2\/pages"}],"about":[{"href":"https:\/\/florenthodel.com\/index.php\/wp-json\/wp\/v2\/types\/page"}],"author":[{"embeddable":true,"href":"https:\/\/florenthodel.com\/index.php\/wp-json\/wp\/v2\/users\/1"}],"replies":[{"embeddable":true,"href":"https:\/\/florenthodel.com\/index.php\/wp-json\/wp\/v2\/comments?post=2"}],"version-history":[{"count":32,"href":"https:\/\/florenthodel.com\/index.php\/wp-json\/wp\/v2\/pages\/2\/revisions"}],"predecessor-version":[{"id":3742,"href":"https:\/\/florenthodel.com\/index.php\/wp-json\/wp\/v2\/pages\/2\/revisions\/3742"}],"wp:attachment":[{"href":"https:\/\/florenthodel.com\/index.php\/wp-json\/wp\/v2\/media?parent=2"}],"curies":[{"name":"wp","href":"https:\/\/api.w.org\/{rel}","templated":true}]}}