{"id":312,"date":"2022-12-08T10:36:31","date_gmt":"2022-12-08T09:36:31","guid":{"rendered":"https:\/\/florenthodel.com\/?post_type=product&#038;p=312"},"modified":"2023-03-05T11:33:16","modified_gmt":"2023-03-05T10:33:16","slug":"grand-saladier-en-gres-noir-emaille-2","status":"publish","type":"product","link":"https:\/\/florenthodel.com\/index.php\/produit\/grand-saladier-en-gres-noir-emaille-2\/","title":{"rendered":"Grand saladier en gr\u00e9s noir \u00e9maill\u00e9"},"content":{"rendered":"<h5>S\u00e9rie sp\u00e9ciale en triple cuisson<\/h5>\n<h3>Email :<\/h3>\n<h5>Golden Floating Blue<\/h5>\n<h3>Dimensions :<\/h3>\n<h5>Diam\u00e8tre : 22\/23 cm<\/h5>\n<h5>Hauteur : 11 cm<\/h5>\n<h3>Technique :<\/h3>\n<h5>Tournage<\/h5>\n<h3>Terre :<\/h3>\n<h5>Gr\u00e9s noir<\/h5>\n","protected":false},"excerpt":{"rendered":"<p>S\u00e9rie sp\u00e9ciale en triple cuisson Email : Golden Floating Blue Dimensions : Diam\u00e8tre : 22\/23 cm Hauteur : 11 cm Technique : Tournage Terre : Gr\u00e9s noir<\/p>\n","protected":false},"featured_media":136,"comment_status":"open","ping_status":"closed","template":"","meta":[],"product_cat":[18],"product_tag":[],"class_list":["post-312","product","type-product","status-publish","has-post-thumbnail","hentry","product_cat-saladiers-en-gres"],"_links":{"self":[{"href":"https:\/\/florenthodel.com\/index.php\/wp-json\/wp\/v2\/product\/312","targetHints":{"allow":["GET"]}}],"collection":[{"href":"https:\/\/florenthodel.com\/index.php\/wp-json\/wp\/v2\/product"}],"about":[{"href":"https:\/\/florenthodel.com\/index.php\/wp-json\/wp\/v2\/types\/product"}],"replies":[{"embeddable":true,"href":"https:\/\/florenthodel.com\/index.php\/wp-json\/wp\/v2\/comments?post=312"}],"wp:featuredmedia":[{"embeddable":true,"href":"https:\/\/florenthodel.com\/index.php\/wp-json\/wp\/v2\/media\/136"}],"wp:attachment":[{"href":"https:\/\/florenthodel.com\/index.php\/wp-json\/wp\/v2\/media?parent=312"}],"wp:term":[{"taxonomy":"product_cat","embeddable":true,"href":"https:\/\/florenthodel.com\/index.php\/wp-json\/wp\/v2\/product_cat?post=312"},{"taxonomy":"product_tag","embeddable":true,"href":"https:\/\/florenthodel.com\/index.php\/wp-json\/wp\/v2\/product_tag?post=312"}],"curies":[{"name":"wp","href":"https:\/\/api.w.org\/{rel}","templated":true}]}}