{"id":334,"date":"2022-12-08T17:05:00","date_gmt":"2022-12-08T16:05:00","guid":{"rendered":"https:\/\/florenthodel.com\/?post_type=product&#038;p=334"},"modified":"2022-12-09T12:19:20","modified_gmt":"2022-12-09T11:19:20","slug":"bol-a-ramen-en-gres-noir-emaille-2","status":"publish","type":"product","link":"https:\/\/florenthodel.com\/index.php\/produit\/bol-a-ramen-en-gres-noir-emaille-2\/","title":{"rendered":"Bol \u00e0 ramen en gr\u00e9s noir \u00e9maill\u00e9"},"content":{"rendered":"<h3>Email :<\/h3>\n<h5>Floating Blue<\/h5>\n<h3>Dimensions :<\/h3>\n<h5>Diam\u00e8tre : 18\/19 cm<\/h5>\n<h5>Hauteur : 8 cm<\/h5>\n<h3>Technique :<\/h3>\n<h5>Tournage<\/h5>\n<h3>Terre :<\/h3>\n<h5>Gr\u00e9s noir<\/h5>\n","protected":false},"excerpt":{"rendered":"<p>Email : Floating Blue Dimensions : Diam\u00e8tre : 18\/19 cm Hauteur : 8 cm Technique : Tournage Terre : Gr\u00e9s noir<\/p>\n","protected":false},"featured_media":194,"comment_status":"open","ping_status":"closed","template":"","meta":[],"product_cat":[20],"product_tag":[],"class_list":["post-334","product","type-product","status-publish","has-post-thumbnail","hentry","product_cat-bols-a-ramen-et-a-soupe"],"_links":{"self":[{"href":"https:\/\/florenthodel.com\/index.php\/wp-json\/wp\/v2\/product\/334","targetHints":{"allow":["GET"]}}],"collection":[{"href":"https:\/\/florenthodel.com\/index.php\/wp-json\/wp\/v2\/product"}],"about":[{"href":"https:\/\/florenthodel.com\/index.php\/wp-json\/wp\/v2\/types\/product"}],"replies":[{"embeddable":true,"href":"https:\/\/florenthodel.com\/index.php\/wp-json\/wp\/v2\/comments?post=334"}],"wp:featuredmedia":[{"embeddable":true,"href":"https:\/\/florenthodel.com\/index.php\/wp-json\/wp\/v2\/media\/194"}],"wp:attachment":[{"href":"https:\/\/florenthodel.com\/index.php\/wp-json\/wp\/v2\/media?parent=334"}],"wp:term":[{"taxonomy":"product_cat","embeddable":true,"href":"https:\/\/florenthodel.com\/index.php\/wp-json\/wp\/v2\/product_cat?post=334"},{"taxonomy":"product_tag","embeddable":true,"href":"https:\/\/florenthodel.com\/index.php\/wp-json\/wp\/v2\/product_tag?post=334"}],"curies":[{"name":"wp","href":"https:\/\/api.w.org\/{rel}","templated":true}]}}